{"id":2007,"date":"2023-08-19T12:58:08","date_gmt":"2023-08-19T11:58:08","guid":{"rendered":"https:\/\/apesn.ch\/wordpress\/?page_id=2007"},"modified":"2024-09-13T13:08:38","modified_gmt":"2024-09-13T12:08:38","slug":"adherer-a-lassociation","status":"publish","type":"page","link":"https:\/\/apesn.ch\/wordpress\/adherer-a-lassociation\/","title":{"rendered":"Adh\u00e9rer \u00e0 l&rsquo;association"},"content":{"rendered":"\n<p><strong>Pourquoi devenir membre?<\/strong><\/p>\n\n\n\n<p>Parce que nous avons besoin de vous !<br>Votre adh\u00e9sion \u00e0 l&rsquo;association des parents d&rsquo;\u00e9l\u00e8ves nous soutient et nous encourage dans toutes nos actions.<\/p>\n\n\n\n<p>Vos cotisations nous permettent de financer des projets pour les enfants (mat\u00e9riel, boissons et petite restauration lors de certains \u00e9v\u00e9nements, etc.) et de faire tourner notre association de b\u00e9n\u00e9voles (frais de copies, assurance, h\u00e9bergement de notre site internet, etc.).<\/p>\n\n\n\n<p><strong>\u00c0 quoi je m\u2019engage ?<\/strong><\/p>\n\n\n\n<p>\u00c0 rien&#8230; sauf \u00e0 payer votre cotisation (25.- par ann\u00e9e).<\/p>\n\n\n\n<p>Et si l&rsquo;envie vous en dit de participer davantage, vous \u00eates les bienvenus dans le comit\u00e9 pour : <\/p>\n\n\n\n<p>&#8211; prendre part \u00e0 l\u2019\u00e9laboration des projets li\u00e9s \u00e0 la vie scolaire de nos enfants ;<br>&#8211; \u00eatre \u00e0 l\u2019\u00e9coute et favoriser le dialogue entre les parents, l&rsquo;\u00e9cole et la municipalit\u00e9 ;<br>&#8211; aider au bon fonctionnement de l\u2019association et &#8230; tant d\u2019autres choses.<\/p>\n\n\n\n<p>&#8230; Mais ne vous inqui\u00e9tez pas, nous ferons tout cela ensemble ! <\/p>\n\n\n\n<p><strong>Pour nous soutenir, deux formules possibles:<\/strong><\/p>\n\n\n\n<p>o&nbsp;\u00catre membre de l\u2019association (vous soutenez financi\u00e8rement l&rsquo;association et participez si vous le souhaitez \u00e0 certains \u00e9v\u00e9nements)<\/p>\n\n\n\n<p>o&nbsp;Devenir membre du comit\u00e9 (participation aux r\u00e9unions mensuelles, investissement dans certains dossiers)<\/p>\n\n\n\n<p>Dans les 2 cas, la cotisation par famille est de 25.- par an.<\/p>\n\n\n\n<p><strong>Convainvu-e-s ?<\/strong> Alors n&rsquo;h\u00e9sitez plus et devenez membre en remplissant le formulaire ci-dessous. Votre adh\u00e9sion sera effective apr\u00e8s soumission de ce bulletin d&rsquo;inscription, et le versement de la cotisation annuelle de CHF 25 .- par famille (QR code plus bas, \u00e0 scanner depuis votre application netbanking). <\/p>\n\n\n<div class=\"wpforms-container wpforms-container-full wpforms-block wpforms-block-94771c36-5494-4aba-af4f-37a13118e07a wpforms-render-modern\" id=\"wpforms-2215\"><form id=\"wpforms-form-2215\" class=\"wpforms-validate wpforms-form wpforms-ajax-form\" data-formid=\"2215\" method=\"post\" enctype=\"multipart\/form-data\" action=\"\/wordpress\/wp-json\/wp\/v2\/pages\/2007\" data-token=\"35f227704425dd917fe2319b2a1f178a\" data-token-time=\"1777680609\"><noscript class=\"wpforms-error-noscript\">Veuillez activer JavaScript dans votre navigateur pour remplir ce formulaire.<\/noscript><div id=\"wpforms-error-noscript\" style=\"display: none;\">Veuillez activer JavaScript dans votre navigateur pour remplir ce formulaire.<\/div><div class=\"wpforms-field-container\"><div id=\"wpforms-2215-field_1-container\" class=\"wpforms-field wpforms-field-name\" data-field-id=\"1\"><fieldset><legend class=\"wpforms-field-label\">Nom <span class=\"wpforms-required-label\" aria-hidden=\"true\">*<\/span><\/legend><div class=\"wpforms-field-row wpforms-field-medium\"><div class=\"wpforms-field-row-block wpforms-first wpforms-one-half\"><input type=\"text\" id=\"wpforms-2215-field_1\" class=\"wpforms-field-name-first wpforms-field-required\" name=\"wpforms[fields][1][first]\" aria-errormessage=\"wpforms-2215-field_1-error\" required><label for=\"wpforms-2215-field_1\" class=\"wpforms-field-sublabel after\">Pr\u00e9nom<\/label><\/div><div class=\"wpforms-field-row-block wpforms-one-half\"><input type=\"text\" id=\"wpforms-2215-field_1-last\" class=\"wpforms-field-name-last wpforms-field-required\" name=\"wpforms[fields][1][last]\" aria-errormessage=\"wpforms-2215-field_1-last-error\" required><label for=\"wpforms-2215-field_1-last\" class=\"wpforms-field-sublabel after\">Nom<\/label><\/div><\/div><\/fieldset><\/div><div id=\"wpforms-2215-field_3-container\" class=\"wpforms-field wpforms-field-text\" data-field-id=\"3\"><label class=\"wpforms-field-label\" for=\"wpforms-2215-field_3\">Adresse<\/label><input type=\"text\" id=\"wpforms-2215-field_3\" class=\"wpforms-field-medium\" name=\"wpforms[fields][3]\" aria-errormessage=\"wpforms-2215-field_3-error\" ><\/div><div id=\"wpforms-2215-field_2-container\" class=\"wpforms-field wpforms-field-email\" data-field-id=\"2\"><label class=\"wpforms-field-label\" for=\"wpforms-2215-field_2\">Email <span class=\"wpforms-required-label\" aria-hidden=\"true\">*<\/span><\/label><input type=\"email\" id=\"wpforms-2215-field_2\" class=\"wpforms-field-medium wpforms-field-required\" name=\"wpforms[fields][2]\" spellcheck=\"false\" aria-errormessage=\"wpforms-2215-field_2-error\" required><\/div><div id=\"wpforms-2215-field_7-container\" class=\"wpforms-field wpforms-field-checkbox\" data-field-id=\"7\"><fieldset><legend class=\"wpforms-field-label\">Enfant(s) \u00e0 l&#039;\u00e9cole <\/legend><ul id=\"wpforms-2215-field_7\"><li class=\"choice-1 depth-1\"><input type=\"checkbox\" id=\"wpforms-2215-field_7_1\" name=\"wpforms[fields][7][]\" value=\"Seujet\" aria-errormessage=\"wpforms-2215-field_7_1-error\"  ><label class=\"wpforms-field-label-inline\" for=\"wpforms-2215-field_7_1\">Seujet<\/label><\/li><li class=\"choice-2 depth-1\"><input type=\"checkbox\" id=\"wpforms-2215-field_7_2\" name=\"wpforms[fields][7][]\" value=\"Necker\" aria-errormessage=\"wpforms-2215-field_7_2-error\"  ><label class=\"wpforms-field-label-inline\" for=\"wpforms-2215-field_7_2\">Necker<\/label><\/li><\/ul><\/fieldset><\/div><div id=\"wpforms-2215-field_10-container\" class=\"wpforms-field wpforms-field-textarea\" data-field-id=\"10\"><label class=\"wpforms-field-label\" for=\"wpforms-2215-field_10\">Message <\/label><textarea id=\"wpforms-2215-field_10\" class=\"wpforms-field-medium\" name=\"wpforms[fields][10]\" aria-errormessage=\"wpforms-2215-field_10-error\" ><\/textarea><\/div><\/div><!-- .wpforms-field-container --><div class=\"wpforms-submit-container\" ><input type=\"hidden\" name=\"wpforms[id]\" value=\"2215\"><input type=\"hidden\" name=\"page_title\" value=\"\"><input type=\"hidden\" name=\"page_url\" value=\"https:\/\/apesn.ch\/wordpress\/wp-json\/wp\/v2\/pages\/2007\"><input type=\"hidden\" name=\"url_referer\" value=\"\"><button type=\"submit\" name=\"wpforms[submit]\" id=\"wpforms-submit-2215\" class=\"wpforms-submit\" data-alt-text=\"Envoi\" data-submit-text=\"Soumettre\" aria-live=\"assertive\" value=\"wpforms-submit\">Soumettre<\/button><img loading=\"lazy\" decoding=\"async\" src=\"https:\/\/apesn.ch\/wordpress\/wp-content\/plugins\/wpforms-lite\/assets\/images\/submit-spin.svg\" class=\"wpforms-submit-spinner\" style=\"display: none;\" width=\"26\" height=\"26\" alt=\"Chargement en cours\"><\/div><\/form><\/div>  <!-- .wpforms-container -->\n\n\n<figure class=\"wp-block-image size-full is-resized\"><img loading=\"lazy\" decoding=\"async\" width=\"866\" height=\"456\" src=\"https:\/\/apesn.ch\/wordpress\/wp-content\/uploads\/BVR_APESN-1.jpg\" alt=\"\" class=\"wp-image-2285\" style=\"width:719px;height:auto\" srcset=\"https:\/\/apesn.ch\/wordpress\/wp-content\/uploads\/BVR_APESN-1.jpg 866w, https:\/\/apesn.ch\/wordpress\/wp-content\/uploads\/BVR_APESN-1-300x158.jpg 300w, https:\/\/apesn.ch\/wordpress\/wp-content\/uploads\/BVR_APESN-1-768x404.jpg 768w\" sizes=\"auto, (max-width: 866px) 100vw, 866px\" \/><\/figure>\n","protected":false},"excerpt":{"rendered":"<p>Pourquoi devenir membre? Parce que nous avons besoin de vous !Votre adh\u00e9sion \u00e0 l&rsquo;association des parents d&rsquo;\u00e9l\u00e8ves nous soutient et nous encourage dans toutes nos actions. Vos cotisations nous permettent de financer des projets pour les enfants (mat\u00e9riel, boissons et petite restauration lors de certains \u00e9v\u00e9nements, etc.) et de faire tourner notre association de b\u00e9n\u00e9voles [&hellip;]<\/p>\n","protected":false},"author":26,"featured_media":0,"parent":0,"menu_order":0,"comment_status":"closed","ping_status":"closed","template":"","meta":{"footnotes":""},"class_list":["post-2007","page","type-page","status-publish","hentry"],"_links":{"self":[{"href":"https:\/\/apesn.ch\/wordpress\/wp-json\/wp\/v2\/pages\/2007","targetHints":{"allow":["GET"]}}],"collection":[{"href":"https:\/\/apesn.ch\/wordpress\/wp-json\/wp\/v2\/pages"}],"about":[{"href":"https:\/\/apesn.ch\/wordpress\/wp-json\/wp\/v2\/types\/page"}],"author":[{"embeddable":true,"href":"https:\/\/apesn.ch\/wordpress\/wp-json\/wp\/v2\/users\/26"}],"replies":[{"embeddable":true,"href":"https:\/\/apesn.ch\/wordpress\/wp-json\/wp\/v2\/comments?post=2007"}],"version-history":[{"count":14,"href":"https:\/\/apesn.ch\/wordpress\/wp-json\/wp\/v2\/pages\/2007\/revisions"}],"predecessor-version":[{"id":2288,"href":"https:\/\/apesn.ch\/wordpress\/wp-json\/wp\/v2\/pages\/2007\/revisions\/2288"}],"wp:attachment":[{"href":"https:\/\/apesn.ch\/wordpress\/wp-json\/wp\/v2\/media?parent=2007"}],"curies":[{"name":"wp","href":"https:\/\/api.w.org\/{rel}","templated":true}]}}